2 + 10*f + 4. Suppose -26 = -4*v - 2*g, 0*v + v + 5*g + 7 = 0. What is the units digit of u(v)?
0
Suppose -3*r + 6*o - 2*o - 85 = 0, 0 = 3*r - 5*o + 89. Let t = -10 - r. Suppose t = 5*a - 17. What is the units digit of a?
6
Let a = -4 - 1. Let k be -4*(1 + (-52)/16). Let f = k + a. What is the units digit of f?
4
What is the units digit of 36/12 + 0 + 75?
8
Suppose 4*r = -5*x + 25, -8 = -5*r + x + 16. Suppose -2*b - 3*b + 8 = -t, -r*t + 4*b + 2 = 0. What is the units digit of t?
2
Suppose 5*w + c + 65 = 0, 2*w + c = -0*c - 29. Let p = 21 + w. Suppose 0*g + 3*g = p. What is the units digit of g?
3
Let z(m) = m**2 - 4*m - 3. Let r be (-6 - -1)*(-4 + 3). Let p be z(r). What is the units digit of -7*(p - (-1 - -4))?
7
Let d = -9 - -6. Let c = 1 - d. Suppose 3*w + 4 = -2*q - 6, -2*q - c*w - 14 = 0. What is the units digit of q?
1
Suppose -8*j - 558 = -11*j. What is the tens digit of j?
8
Suppose 3*i - 6*i = -519. What is the tens digit of i?
7
Let b = -15 - -21. Let y be 46/14 - b/21. Suppose 14 = y*q + 5. What is the units digit of q?
3
Let j = -6 - -8. Suppose -s - 6 = -2*t, -j*s + 7*s - 18 = -2*t. Suppose 0 = s*y - 20 + 2. What is the units digit of y?
9
Suppose -5*f = 1 - 46. Suppose 0 = -3*h - f, -2*t + 2*h - 5 + 21 = 0. What is the units digit of t?
5
Let k = -12 - -14. Suppose k*p - 28 = p. What is the units digit of p?
8
Suppose -7 = 4*l + 13. Let s be (2/(-6))/(l/60). Suppose 0 = -5*r - s + 94. What is the tens digit of r?
1
Let g(k) be the second derivative of -k**5/20 - k**4/3 - 5*k**3/6 - 3*k**2/2 + 4*k. Let c be g(-3). Suppose 0 = c*v - v - 8. What is the units digit of v?
4
Suppose 3*g + 44 - 133 = -l, -4*g - 2*l = -118. What is the tens digit of g?
3
Suppose -p + 40 = 10. What is the tens digit of p?
3
Suppose 3*o - 4*m + 12 = 1, 3*o - 2*m = -1. Let u be 6/(o - (-2 + 7)). What is the tens digit of ((-2)/u)/(1/24)?
1
Let m(b) = -b**3 - b**2 + 2*b - 1. Let a be (-58)/18 + 2/9. What is the tens digit of m(a)?
1
Let h(f) = 4*f + 2. Suppose -5*k + 3*w - 5 = 0, -3*k = -k + 5*w - 29. What is the units digit of h(k)?
0
Let m(q) = -343*q + 10. What is the units digit of m(-1)?
3
Suppose 1000 = 5*p + 3*j, 400 = 2*p - 2*j - 2*j. What is the hundreds digit of p?
2
Let o be ((-15)/30)/(1/(-26)). Let i = -24 + 16. Let d = i + o. What is the units digit of d?
5
Let h = -101 + 166. Suppose 2*r + 165 - h = 0. What is the tens digit of (-1)/(r/24 + 2)?
1
Let h(c) = -c**3 + 2*c**2 - c. Let y be h(1). Suppose -2*f + 1 = -0*k + 5*k, k + 3*f - 8 = y. What is the units digit of (k - -3)/(4/6)?
3
Let b be 425/(-10) - 2/(-4). Let a = b - -62. What is the units digit of a?
0
Suppose 3*k - d + 77 = 0, -4*k - 5*d = -0*k + 71. What is the units digit of ((-48)/4)/(9/k)?
2
Let y(b) = 16*b**2 + b + 1. What is the tens digit of y(-4)?
5
Suppose -1 - 19 = -4*y. Let v(w) = -w. Let t be v(1). What is the units digit of 10/y*(t + 2)?
2
What is the tens digit of 1 - (-137 + 5 + -1)?
3
Let f = -5 + 11. What is the units digit of f?
6
Suppose 3*w + 3*q - 234 = 0, 0 = 3*w + 2*w + q - 398. What is the units digit of w?
0
Let t = -2 + 4. Let n = 19 - t. What is the units digit of n?
7
Suppose -q = -0*q - 3. Let x be (q/2)/((-3)/(-64)). What is the units digit of (x + 1)*(-2)/(-6)?
1
Let x(k) = 9 - 8 + 6*k**2 - 3*k**2. Let s = -1 + 0. What is the units digit of x(s)?
4
Let x be ((-6)/18)/((-2)/36). Let w(q) = q**3 - 6*q**2 + 3*q - 3. What is the tens digit of w(x)?
1
What is the tens digit of -10*(-3)/(18/21)?
3
Let r(a) = 28*a**2 - a + 1. What is the tens digit of r(1)?
2
Suppose -3*t + 2*k = -1178, 3*t - 5*k - 1163 = -0*k. What is the units digit of t?
6
Suppose 1 = -c - 3*r, 5*c - r - 4*r - 15 = 0. Suppose 14 = -0*n + c*n. Suppose y - 23 = -n. What is the units digit of y?
6
Let x be 3/(-9)*0 + -25. Let m = -14 - x. What is the tens digit of m?
1
Let v(c) = -14*c - 3. Let o be v(-3). Suppose -7 + o = 2*l. What is the tens digit of l?
1
What is the units digit of 2/7 - 60456/(-231)?
2
Suppose 2*m + 18 = -m. Let c = m - -17. What is the tens digit of c?
1
Let y(t) = -t**3 - 3*t**2 + 2*t - 5. Let a be y(-4). Suppose -h - 2*h - a = 0. Let u = h + 7. What is the units digit of u?
6
Let i(m) = 3*m - 7. What is the tens digit of i(11)?
2
Suppose -u = -3 - 1. Suppose 5*g = u*g + 15. What is the units digit of g?
5
Let f(w) = -w**2 - 9*w - 7. Let o be -14*(5/2 - 2). What is the units digit of f(o)?
7
What is the tens digit of 26 + -26 + (-1)/(1/(-42))?
4
Let p = 5 - 0. Suppose 0 = p*r - 4*r - 3. What is the units digit of r?
3
Let q be (-60)/18*(-6)/5. Suppose -q*k + 40 = -0*k. What is the tens digit of k?
1
Let n = 69 - 48. Let d = n + -9. What is the tens digit of d?
1
Suppose 0 = 4*f - 3*j + 7 - 44, -2*f - j + 11 = 0. Suppose f*s - 2*s - 35 = 0. What is the units digit of s?
7
Let v(h) be the third derivative of -h**6/120 - h**5/15 - h**4/24 + h**2. What is the units digit of v(-4)?
4
Suppose 5*b - b = 3*i - 73, 5*i - 160 = -b. What is the units digit of i?
1
Let t = 14 - 1. What is the tens digit of t?
1
Suppose 36 = -0*h + h. What is the units digit of h?
6
Suppose -5*m + 70 = 2*s - 59, -4*s = -2*m - 270. Suppose -5*c + s = 5*t - 53, -c + 15 = -2*t. What is the units digit of c?
1
Let z = -19 - -36. Let a = -12 + z. What is the units digit of a?
5
Suppose 221 + 45 = 2*f. What is the hundreds digit of f?
1
Let b be ((-6)/2 - -2) + 6. Suppose -38 = -b*v + 2. Suppose 3*a + 2*n - 19 = 0, -v = 4*a - 2*n - 2*n. What is the units digit of a?
3
Suppose 0*t - 12 = 2*r + t, -t + 30 = -5*r. Let j = 11 + r. What is the units digit of j?
5
Suppose -s = 1, 3*s = -f + s. Suppose -g + 3*n = 5*n - 42, 79 = f*g + 3*n. What is the units digit of g?
2
What is the units digit of -1 - 60/8*-2?
4
Let v(t) = -t**2 - 3*t - 1. Let c be v(-1). Suppose c = 5*j - 24. What is the units digit of j?
5
Let f(r) be the first derivative of 2*r**3/3 + 7*r**2/2 + 4*r + 2. Let s be f(-5). Suppose -26 - s = -5*h. What is the units digit of h?
9
Suppose 2*f - 341 = -o, -3*f = -2*f + 4*o - 160. What is the tens digit of f?
7
Let o(z) = -z**2 + 4*z + 7. What is the units digit of o(5)?
2
Suppose 0 = 5*t - 108 + 33. What is the tens digit of t/(-6)*(-44)/5?
2
Let d be 6/(3/(-16)*-4). Suppose 0 = -z + d + 6. What is the units digit of z?
4
Let u = 87 - 32. Suppose -5*t = 5*c - u, -2*c - 3 = c. What is the units digit of t?
2
Let u = -47 - -73. Suppose 4*q - u = -10. What is the units digit of q?
4
Let d(o) = 5*o**2 + 3*o + 2. Suppose -3*n = 3*m - 15, -4*n - m + 12 = -2. Suppose -2*v + 4*i - 30 = n*v, 0 = 4*v - 2*i + 18. What is the units digit of d(v)?
6
Suppose 81 = -4*i + 321. Suppose 4*b = -0*y + 5*y - 102, 2*b = 3*y - i. What is the tens digit of y?
1
Let r = 4 - 8. Let t(p) = -p + 1. Let k be t(r). Suppose -i - 4*i = v - 60, -5*i + k*v = -30. What is the units digit of i?
1
What is the units digit of (-2 - -6 - 8) + 115?
1
Suppose 5*f + 23 = 2*m + 8, 0 = -5*m - 25. Let j(k) = 5*k + 8. Let a(u) = 4*u + 7. Let p(n) = -4*a(n) + 3*j(n). What is the units digit of p(f)?
1
Let k = -2 + 1. Suppose 2*m - 7 = -2*h - h, -m + h + 1 = 0. Let o = m - k. What is the units digit of o?
3
Let v(g) = g**2 - 10*g + 7. Let y be v(9). What is the tens digit of (17 - 4) + y*1?
1
Let v = 0 - 1. Let w be (v - 0)/1*-19. Suppose 2*u - 14 = b, 2*b = 3*u - 4 - w. What is the units digit of u?
5
Suppose -2*c = -2*j + j + 75, j - 70 = 3*c. What is the tens digit of j?
8
Let v(n) = n**3 - 2*n**2 + n + 1. Let f be v(2). What is the tens digit of (-62)/(-3) + 1/f?
2
Suppose l - 2*v = -0*l + 2, 0 = -3*l + 4*v + 14. Let j = l - 3. What is the units digit of j?
7
Let j(b) = 2 + 5*b + 7 - 9 + 2*b**2. Suppose 0 = -3*o + 3*l - 6, -3*l = -3*o + l - 4. What is the units digit of j(o)?
2
Suppose -2*t + 12 + 0 = 0. Let x be 6/(-5)*(-15)/t. Suppose 3*a = 21 - x. What is the units digit of a?
6
Let c be 5/10 + (-6)/4. Let q be (5/10)/(c/(-6)). What is the tens digit of 2*7/3*q?
1
Let x(l) be the second derivative of l**3/3 + l**2/2 + l. Let t be x(-1). What is the units digit of (4*(-2 + -3))/t?
0
Let h(z) = 2*z**2 + 13*z + 10. What is the units digit of h(-8)?
4
What is the units digit of (4 + 2 + 2)/1?
8
Let z = -4 + 6. What is the units digit of (18 + z + -3)*1?
7
Let a(f) = 5*f**2 - f + 1. Let t be a(1). What is the units digit of ((-210)/t)/((-9)/6)